7
Let g(u) = -u**3 - 3*u**2 - 4*u + 28. Determine g(0).
28
Let w(i) = -2*i + 24. What is w(15)?
-6
Let v(t) = t**3 + 15*t**2 - 15*t + 17. Give v(-16).
1
Let w(f) = -f**3 + 8*f**2 - 4*f - 5. Determine w(5).
50
Let h(i) = -i**3 + 4*i**2 + 3*i - 2. Give h(5).
-12
Let i(m) = 3*m + 27. Determine i(-5).
12
Let z(u) = u**2 - 12*u - 6. Determine z(15).
39
Let w(j) = -j**3 - 5*j**2 + 23*j - 5. Give w(-8).
3
Let b(n) = -n**2 + 9*n - 9. Determine b(7).
5
Let r(s) = -s**3 + 4*s**2 + s - 12. Calculate r(4).
-8
Let k(t) = t**3 - 9*t**2 + 24*t - 39. Calculate k(6).
-3
Let g(o) = o**2 - 2*o - 7. What is g(6)?
17
Let b(o) = 2*o - 34. What is b(-9)?
-52
Let v(j) = j**2 + 5*j + 1. Calculate v(-8).
25
Let a(i) = i**3 + 2*i**2 - 2*i. Determine a(-3).
-3
Let q(n) = -3*n + 24. Calculate q(10).
-6
Let w(u) = -5*u + 168. What is w(34)?
-2
Let l(j) = -2*j**2 + 9*j - 2. Give l(7).
-37
Let g(n) = n**3 + 5*n**2 + 4. Give g(-5).
4
Let c(f) = -14*f - 89. Give c(-7).
9
Let t(g) = g**3 - 20*g**2 + 35*g + 9. What is t(18)?
-9
Let j(p) = -p - 66. Give j(0).
-66
Let w(v) = -11*v - 67. What is w(-5)?
-12
Let w(u) = -2*u**2 + 9*u + 63. What is w(8)?
7
Let d(h) = -h**2 + 5*h - 9. Calculate d(4).
-5
Let v(u) = 38*u + 337. Give v(-9).
-5
Let x(m) = -m**2 + m + 8. Give x(0).
8
Let o(l) = l**3 + 11*l**2 - 12*l + 7. Give o(-12).
7
Let h(n) = n + 2. Calculate h(-13).
-11
Let n(d) = d**2 - 9*d + 8. Give n(8).
0
Let r(d) = 21*d - 70. Determine r(3).
-7
Let y(g) = 11*g + 19. Calculate y(-2).
-3
Let m(q) = -6*q**3 + 4*q**2 + 4*q. What is m(-1)?
6
Let l(c) = -c**2 + c - 3. Give l(0).
-3
Let f(p) = -p**3 - 42*p**2 - 407*p - 58. Determine f(-27).
-4
Let b(l) = l**3 - 8*l**2 - 7*l + 16. Give b(7).
-82
Let z(q) = 20*q + 332. Calculate z(-16).
12
Let j(q) = q**3 - 2*q**2 + q + 1. What is j(2)?
3
Let u(y) = y**2 - 8*y + 1. Determine u(6).
-11
Let o(l) = l**2 - 11*l + 10. Determine o(8).
-14
Let s(b) = -b**2 - 21*b - 27. Determine s(-20).
-7
Let r(u) = 2*u**2 + 31*u + 72. Determine r(-12).
-12
Let y(l) = l**2 + 11*l - 14. What is y(-13)?
12
Let n(u) = u**3 - 8*u**2 + 8*u - 7. Determine n(7).
0
Let u(t) = -9*t + 2. What is u(-4)?
38
Let y(h) = h**3 - 10*h**2 + 6*h + 10. Give y(9).
-17
Let f(h) = h**3 - 7*h**2 + 8. What is f(7)?
8
Let i(q) = q**2 - 7*q + 7. Calculate i(8).
15
Let o(c) = -13*c. What is o(-2)?
26
Let l(d) = d**2 - d - 3. What is l(-5)?
27
Let k(v) = 13*v + 201. What is k(-16)?
-7
Let p(d) = -7*d - 17. Calculate p(-8).
39
Let r(t) = 3*t**2 + 8*t + 6. What is r(-1)?
1
Let z(o) = o - 14. Calculate z(16).
2
Let o(h) = 20*h + 1. Determine o(-2).
-39
Let t(p) = -p**3 - 9*p**2 + 11. Calculate t(-9).
11
Let p(u) = 4*u + 14. Give p(6).
38
Let n(q) = -q + 10. Give n(-2).
12
Let y(v) = -v**2 - 18*v - 21. Determine y(-11).
56
Let k(w) = -2*w**2 + 2*w - 4. What is k(-5)?
-64
Let y(t) = 2*t**2 - 102*t + 117. Give y(50).
17
Let m(i) = 16*i + 26. Give m(-11).
-150
Let h(n) = 7*n - 35. Calculate h(4).
-7
Let w(q) = q**2 - 11*q + 18. Give w(9).
0
Let q(l) = -l**3 + 13*l**2 + 17*l - 34. What is q(14)?
8
Let z(d) = -d**3 - 3*d**2 - 12. What is z(-4)?
4
Let b(a) = -6*a**3 + a - 1. Determine b(1).
-6
Let g(v) = 5*v**2 + 27*v + 5. What is g(-5)?
-5
Let s(r) = -r**3 + 12*r**2 - r + 25. Give s(12).
13
Let s(q) = -q**3 - 22*q**2 - 23*q - 31. Calculate s(-21).
11
Let s(z) = 119*z - 244. Determine s(2).
-6
Let p(w) = -20*w - 105. Give p(-5).
-5
Let n(z) = -z - 5. Give n(-8).
3
Let p(u) = -u**3 + 13*u**2 + 13*u + 13. Give p(14).
-1
Let c(s) = -s**2 + 41*s + 91. Calculate c(43).
5
Let q(s) = -s**2 - 10*s - 22. Give q(-7).
-1
Let s(w) = 6*w + 242. What is s(-44)?
-22
Let f(m) = -m + 5. Determine f(-5).
10
Let x(p) = -p**3 + p**2 + 21. Give x(0).
21
Let x(i) = i**2 - 5*i - 11. Give x(6).
-5
Let g(v) = -6*v + 8. What is g(2)?
-4
Let x(j) = -j**3 + 8*j + 6. Give x(-3).
9
Let g(q) = q**2 + 28*q + 155. Calculate g(-18).
-25
Let x(s) = -19*s - 16. Determine x(-4).
60
Let m(j) = j**2 - 4*j - 18. Determine m(9).
27
Let y(f) = -f**3 - 6*f**2 - 3*f + 2. Calculate y(-6).
20
Let o(k) = -k**3 - 5*k**2 + 15*k + 4. What is o(-6)?
-50
Let t(o) = 4*o**2 - o + 8. Calculate t(-3).
47
Let w(s) = -10*s - 49. Calculate w(-7).
21
Let c(o) = o**3 + 2*o**2 + 16. Calculate c(-3).
7
Let q(o) = -o - 8. What is q(0)?
-8
Let b(p) = p**3 - 11*p**2 - 29*p - 17. Determine b(13).
-56
Let t(i) = i**2 - 5*i + 27. Give t(8).
51
Let y(g) = 2*g + 3. Calculate y(0).
3
Let h(m) = 27*m - 3. Calculate h(3).
78
Let n(u) = -39*u - 11. What is n(-2)?
67
Let z(v) = -v**3 - 8*v**2 + v + 7. What is z(-8)?
-1
Let v(p) = -p**2 + 14*p + 1. What is v(14)?
1
Let w(a) = -2*a**2 - a + 4. Determine w(5).
-51
Let n(w) = w**2 - 41*w - 274. Give n(47).
8
Let n(t) = t**3 - 4*t - 2. Determine n(-2).
-2
Let f(w) = -3*w**3 + 4*w**2 - 9. Calculate f(2).
-17
Let t(f) = f + 30. What is t(-21)?
9
Let a(w) = -41*w + 263. Give a(6).
17
Let v(c) = -6*c + 53. Calculate v(7).
11
Let c(q) = -3*q**3 + 3*q + 1. Give c(-2).
19
Let f(s) = -s**2 - 8. Give f(-6).
-44
Let g(a) = 40*a + 45. Calculate g(-1).
5
Let j(k) = k**3 - 5*k**2 + 6*k - 9. Determine j(2).
-9
Let h(m) = -11*m - 57. Calculate h(-6).
9
Let m(a) = a**2 - 13*a + 42. Determine m(5).
2
Let n(g) = -g**2 + 12*g - 17. Determine n(10).
3
Let i(s) = -7*s - 317. Give i(-47).
12
Let z(i) = -5*i - 100. Give z(-16).
-20
Let p(w) = w**3 + 22*w**2 - 2*w - 44. Determine p(-22).
0
Let u(n) = n**2 + 3*n + 13. Determine u(0).
13
Let y(c) = 2*c**2 - 2*c - 2. Calculate y(2).
2
Let u(x) = -6*x - 52. What is u(-10)?
8
Let v(r) = -19*r - 25. Determine v(6).
-139
Let f(z) = 4*z**2 + 11*z + 18. Determine f(-6).
96
Let r(u) = -u**3 + 5*u**2 - 2*u - 8. What is r(3)?
4
Let t(v) = 133*v**2 + 4*v + 4. Calculate t(-1).
133
Let f(a) = -a**2 + 30*a + 67. Calculate f(32).
3
Let w(k) = -k**2 + 3*k - 4. Give w(2).
-2
Let t(d) = 5*d - 46. Calculate t(3).
-31
Let y(b) = -4*b - 24. Determine y(-7).
4
Let v(q) = -9*q**3 - q**2 + 5*q + 3. What is v(-1)?
6
Let n(g) = g**2 + 5*g - 4. What is n(-6)?
2
Let g(v) = -v**3 + 38*v**2 + 121*v + 82. Calculate g(41).
0
Let c(i) = i**3 + 3*i**2 - 6*i + 5. Give c(-5).
-15
Let m(y) = y**3 - 5*y**2 - 8*y - 3. Determine m(7).
39
Let n(x) = -2*x**2 + 8*x - 5. What is n(6)?
-29
Let u(z) = -2*z + 12. What is u(14)?
-16
Let q(z) = -4*z - 4. Determine q(13).
-56
Let s(l) = 8*l - 4. Calculate s(1).
4
Let p(b) = 21*b**3 + b**2 + b. Give p(-1).
-21
Let q(i) = -i**2 - 12*i + 19. What is q(-14)?
-9
Let o(i) = -i**3 - i**2 + 5*i + 2. Calculate o(-3).
5
Let v(b) = -4*b**2 - 18*b - 12. Determine v(-5).
-22
Let g(j) = -j**3 - j**2 - j - 19. What is g(0)?
-19
Let w(m) = m**3 - 16*m**2 - 36*m - 3. What is w(18)?
-3
Let z(t) = t**3 + 3*t**2 - 12*t - 7. Calculate z(-5).
3
Let q(p) = -4*p - 8. Calculate q(-4).
8
Let b(p) = -7*p - 8. Give b(-2).
6
Let t(q) = q**2 - 31*q + 208. What is t(22)?
10
Let k(f) = -f**2 - 18*f - 13. Calculate k(-17).
4
Let m(k) = -k**3 + 6*k**2 - 2*k - 5. Give m(5).
10
Let m(v) = -22*v**2 - v + 1. Determine m(1).
-22
Let p(n) = -3*n + 81. Determine p(15).
36
Let s(f) = -36*f**2 - 4*f + 6. What is s(-2)?
-130
Let v(k) = k**3 - 9*k**2 + 16*k - 12. Determine v(6).
-24
Let l(u) = -u**3 + 16*u**2 - 35*u + 108. Calculate l(14).
10
Let f(z) = -z**2 + 6*z + 7. Determine f(7).
0
Let i(z) = 3*z**2 + 110*z + 43. Calculate i(-36).
-29
Let y(b) = 2*b**2 - 37*b + 36. Determine y(17).
-15
Let o(r) = -4*r + 27. Give o(-9).
63
Let y(b) = b**2 - 16*b + 59. Give y(10).
-1
Let m(v) = 57*v - 971. What is m(17)?
-2
Let l(p) = 3*p**2 + 30*p + 53. What is l(-7)?
-10
Let u(v) = -v**3 - 4*v**2 - 2*v - 2. Determine u(-3).
-5
Let t(d) = d**2 - 3*d + 1. Give t(9).
55
Let d(b) = b**2 - 7*b + 3. Give d(3).
-9
Let w(r) = 3*r + 1. Calculate w(4).
13
Let x(v) = -v**2 + 25*v. Give x(25).
0
Let a(h) = -h**2 - 3*h + 9. Calculate a(-6).
-9
Let w(n) = -n**3 + 3*n**2 + 4*n + 2. What is w(5)?
-28
Let l(s) = s**2 + 7*s + 5. What is l(-8)?
13
Let u(q) = -5*q - 36. Give u(-8).
4
Let f(r) = -2*r**3 - 14*r**2 + 4*r + 14. Calculate f(-7).
-14
Let n(z) = -z**3 - 3*z**2 + 4*z + 7. Calculate n(-4).
7
Let a(k) = -k**2 + 1. Determine a(-3).
-8
Let v(m) = -2*m + 14. Determine v(4).
6
Let f(z) = z**2 + 6*z - 22. Determine f(-9).
5
Let z(a) = a**2 + 15*a + 29. Determine z(-13).
3
Let k(c) = 28*c**2 - 59*c + 3. Give k(2).
-3
Let x(v) = -v**2 + 1. What is x(-1)?
0
Let u(l) = 90*l - 